 highest common divisor of r and 4.
4
Let p be (-2 - 1)*2/(-2). Suppose 5*u - 18 = -p. Let q(j) = 13*j. Let o be q(u). What is the greatest common factor of 26 and o?
13
Suppose y + 42 = 114. What is the greatest common divisor of y and 9?
9
Let n be (1 - 4)/(2 - 1). Let k be (1214/(-2))/(n/3). Suppose k - 47 = 5*b. Calculate the greatest common factor of 14 and b.
14
Suppose k - 3*l - 120 = 0, 0*l + 110 = k - 5*l. Let j = 30 + -18. Let t = 27 - j. Calculate the highest common divisor of k and t.
15
Let j be (-2)/(-10) + 621/45. Calculate the greatest common factor of 98 and j.
14
Suppose 2*a = 3*a + w - 10, 0 = -3*a + w + 18. Suppose -2*t + 38 = 2*k, -a*t + 2*t - 4*k = -93. What is the greatest common factor of 119 and t?
17
Let v be ((-62)/4)/((-1)/2). Let a = v - 19. Let m(s) = -10*s. Let k be m(-3). Calculate the highest common divisor of a and k.
6
Let u be (3 - 4)/(4/(-8)). What is the highest common factor of u and 1?
1
Suppose -3 = -5*u + 4*u. Suppose u*k - 71 = 64. What is the greatest common factor of k and 30?
15
Suppose -4*c + 8 = -3*c. Let y(v) = -v**2 + 6*v + 7. Let j be y(-5). Let a be (j/14)/((-2)/14). What is the highest common factor of c and a?
8
Let z(x) = 51*x**2 + x - 1. Let o be z(1). What is the highest common factor of o and 17?
17
Let g be (8/(-3))/(2/12*-2). Suppose 198 = 4*s - 154. What is the highest common factor of s and g?
8
Let g be ((-106)/(-8))/((-5)/(-140)). Suppose 5*q + 4*u - 420 = 0, -5*u = 5*q - g - 54. What is the highest common divisor of 10 and q?
10
Let o = 0 + -4. Let j be -1*(o - (-2 + 0)). Let d be j/(-5) - (-74)/10. Calculate the greatest common factor of d and 1.
1
Let h = 77 - 64. What is the greatest common factor of h and 26?
13
Suppose -3*h = -h - 6. Let d = h + -5. Let g be (d + 15/9)*-9. Calculate the highest common factor of g and 21.
3
Suppose 64 = y + 3*y. Calculate the highest common divisor of y and 144.
16
Let a(n) = n**3 + 14*n**2 - 51*n + 18. Let y be a(-17). What is the highest common divisor of 45 and y?
9
Let i be ((-24)/(-16))/((-1)/(-6)). Let g = i - -6. What is the greatest common divisor of g and 15?
15
Suppose 2*c = 3*i + 2*i - 7, 5*i = -2*c + 43. Let d(s) = 3 + 2*s - s**3 + 7*s**2 + s**3 + s**3. Let u be d(-6). What is the greatest common factor of c and u?
9
Let x(s) = s**2 - 4*s. Suppose -b + 2*z = -4 + 5, -5*z = 4*b - 35. Let j be x(b). Calculate the highest common divisor of 45 and j.
5
Suppose 5*r + 343 - 40 = 4*m, -4*m = 2*r - 338. Calculate the highest common factor of 123 and m.
41
Let r be 7*1*(0 + 1). Suppose -24 = -o - r. Suppose 18*u - 11*u = 476. What is the greatest common divisor of o and u?
17
Let k(r) = -r**2 - 25*r - 11. Let z be k(-17). What is the greatest common divisor of 50 and z?
25
Suppose 3*u - 2*u = 9. Suppose 0 = 4*o - 0*o - 108. Calculate the greatest common divisor of u and o.
9
Let m(r) = 3 + 3*r**2 + r**2 - 3*r**2 + 4*r. Let c be m(-5). Suppose -b - 83 = -6*b + n, 12 = -4*n. Calculate the highest common divisor of b and c.
8
Let c = -31 + 52. What is the greatest common factor of c and 168?
21
Suppose -3*m - 2*m + 905 = 0. Suppose -5*i = d - 2*d + 51, 3*i - m = -4*d. What is the greatest common factor of 23 and d?
23
Suppose -5*z + 20 = -30. Let p(r) = -r**3 + 8*r**2 - 6*r - 3. Let d be p(7). Calculate the highest common divisor of z and d.
2
Suppose k + 3*g - 13 = 5*g, 5*k = 4*g + 59. Calculate the highest common divisor of 88 and k.
11
Let i(u) = -5*u**2 + 5*u - 4. Let l(a) = a**2 - a + 1. Let x(f) = i(f) + 6*l(f). Let t be x(4). Calculate the greatest common divisor of t and 14.
14
Let o(v) = -v**3 - 5*v**2 + v + 4. Let l be o(-5). Let x = l + 1. Suppose x = 2*c + 7 - 17. What is the greatest common factor of 5 and c?
5
Let g be 2/(-3) - 266/(-21). Let s be g/7 - (-4)/14. Let w be (262/s - -3) + 1. What is the highest common factor of 15 and w?
15
Let q(f) = 7*f - 28. Let z be q(8). Let g(m) = 2*m**2 + 2*m + 2. Let c be g(4). Calculate the greatest common factor of z and c.
14
Let o(p) = p**3 + p**2 - p. Let z(q) = 1. Let c(a) = o(a) + 2*z(a). Let y be c(0). Calculate the highest common divisor of y and 6.
2
Let q = 13 + -4. Calculate the highest common factor of q and 9.
9
Let q be 16*(2 + 6/(-4)). Suppose 5*h = -4 + 19. Let u = -2 + h. What is the highest common divisor of q and u?
1
Suppose 50*c + 11 = 51*c. Calculate the greatest common factor of 11 and c.
11
Suppose y - 3 = 0, 0*y - y = -5*n + 192. What is the greatest common divisor of n and 3?
3
Suppose 5*l + 13 = 243. Calculate the highest common divisor of l and 69.
23
Suppose 0 = a + z + 26, 5*a + 3*z + 143 = 11. Let f be a/12*(-8)/2. Calculate the highest common divisor of f and 99.
9
Let z = -66 - -154. Calculate the highest common divisor of z and 11.
11
Suppose -r + 60 = 2*r. Let n = -31 - -61. Calculate the greatest common divisor of r and n.
10
Let w(m) = m**2 - 3*m + 2. Let k be w(2). Let z be 6 - k/(0 + 3). What is the highest common divisor of z and 42?
6
Suppose 3*q = -3*r - 3, r + 2*r = -4*q - 8. Calculate the greatest common factor of r and 20.
4
Suppose 0 = 5*s - 4*s. Let p = 3 + s. Let d = -7 + 13. Calculate the highest common factor of p and d.
3
Suppose -4*a = -4, -2*x = a + 2*a - 45. Calculate the highest common divisor of x and 168.
21
Let l = 926 + -646. Suppose -s = s - l. Let i be (-18)/(-15)*s/3. What is the highest common divisor of 8 and i?
8
Let o(r) = 2*r**3 - r**2 + 3*r - 4. Let q be o(3). Suppose 5*i - 142 = -42. Calculate the highest common divisor of i and q.
10
Suppose d + 10 = -2. Let o = 165 + -87. Let r be (-16)/d*o/4. Calculate the greatest common factor of r and 39.
13
Suppose -9 = -5*z + 1. Suppose -120 = -2*u + 4*v - 2*v, -4*v - 130 = -z*u. Let d be -5*(-1)/1 - 0. What is the greatest common factor of d and u?
5
Suppose 0 = -q - 0*q. Suppose k + 4 - 10 = q. Calculate the greatest common divisor of 30 and k.
6
Let y be -6 + 9 + (0 - 1). Suppose 4*w - 107 - 105 = -4*h, -3*h - 5*w + 169 = 0. Let k = h + -30. What is the greatest common factor of k and y?
2
Suppose 2*c - 74 = -10. What is the highest common factor of 4 and c?
4
Let o = 78 - 69. What is the greatest common factor of o and 9?
9
Let d be 4/(((-7)/(-5))/7). Calculate the greatest common factor of 20 and d.
20
Let g be 2 + -2 - -2 - -102. Suppose 27 = 2*i + n, 0 - 5 = -5*n. Calculate the greatest common divisor of i and g.
13
Let t = 13 - 6. Calculate the highest common divisor of 77 and t.
7
Let m be 5/5*4 + 1. Let q(o) = o**2 + 1. Let d be q(1). What is the greatest common factor of m and d?
1
Let k(n) = n**3 + 2*n**2 - 3*n + 3. Let t be k(-3). What is the greatest common divisor of t and 6?
3
Let d(h) = h**2 - h - 5. Let b be d(6). Let i = b - 16. Let m be ((-6)/(-3) - 4) + 20. What is the greatest common factor of i and m?
9
Suppose 3*l - 912 = -b - 2*b, l + 1544 = 5*b. Calculate the highest common factor of b and 28.
28
Let q(k) = 3*k**2 - k - 1. Let s be q(-1). Suppose s*b + 10 = 46. Suppose 25 = 3*v - h, 9*v - 4*v + 3*h = 37. What is the highest common factor of b and v?
4
Let c(k) = -k**2 - 29*k - 3. Let j be c(-28). What is the highest common divisor of 10 and j?
5
Let p = -73 + 281. Calculate the highest common factor of 13 and p.
13
Let o = 14 - -13. Suppose -f = 4*z + 32 - 144, -5*f + 84 = 3*z. Let q = z + -10. Calculate the greatest common divisor of o and q.
9
Let x = -46 - -96. What is the highest common factor of x and 10?
10
Let w = -18 - -44. What is the greatest common divisor of w and 182?
26
Let t(d) = 2*d. Let l be t(6). Let o = -1 + l. Suppose -i + 13 = -4*n, 0 = 2*i - 2*n + 5*n + 7. What is the greatest common factor of i and o?
1
Suppose 4*m - 75 = 1. Suppose 0 = -2*l + 7*l. Suppose 0 + 4 = -4*i, l = -5*k - 3*i + 662. What is the greatest common divisor of k and m?
19
Let y = 4 + -5. Let d = y - -5. Let g(a) = a**2 + 5*a + 2. Let m be g(-6). Calculate the greatest common divisor of d and m.
4
Let n(k) = -2*k + 6. Let y be n(5). Let b be (-2 + 6)*y/8. Let w be (9 - b)/(1/3). What is the highest common divisor of w and 11?
11
Let h be 21*(-4 + (-200)/(-35)). What is the greatest common factor of 90 and h?
18
Suppose -v - 5*h = 2*v - 273, -3*v - 3*h + 279 = 0. What is the highest common factor of v and 24?
24
Let r = 6 + 78. Let i(d) = d**3 - 3*d**2 + 5*d -